{"id":1069,"date":"2023-11-20T20:24:54","date_gmt":"2023-11-20T23:24:54","guid":{"rendered":"https:\/\/alanleal-econ.com\/?page_id=1069"},"modified":"2023-11-20T20:24:55","modified_gmt":"2023-11-20T23:24:55","slug":"guia-curto-da-lai","status":"publish","type":"page","link":"https:\/\/alanleal-econ.com\/index.php\/guia-curto-da-lai\/","title":{"rendered":"Guia Curto da LAI"},"content":{"rendered":"\n<figure class=\"wp-block-image size-full\"><img fetchpriority=\"high\" decoding=\"async\" width=\"955\" height=\"215\" src=\"https:\/\/alanleal-econ.com\/wp-content\/uploads\/2023\/11\/lai_logo.png\" alt=\"\" class=\"wp-image-1070\" srcset=\"https:\/\/alanleal-econ.com\/wp-content\/uploads\/2023\/11\/lai_logo.png 955w, https:\/\/alanleal-econ.com\/wp-content\/uploads\/2023\/11\/lai_logo-300x68.png 300w, https:\/\/alanleal-econ.com\/wp-content\/uploads\/2023\/11\/lai_logo-768x173.png 768w\" sizes=\"(max-width: 955px) 100vw, 955px\" \/><\/figure>\n\n\n\n<p>A Lei de Acesso \u00e0 Informa\u00e7\u00e3o (Lei 12.527\/2011) \u00e9 instrumento legal pelo qual dados e informa\u00e7\u00f5es n\u00e3o secretas devem ser publicizadas quando solicitadas pelo cidad\u00e3o brasileiro. Dessa forma, ela viabiliza o acesso por parte de pesquisadores, empresas e cidad\u00e3os a diversos tipos de dados relevantes para diferentes fins. O governo permite que o cidad\u00e3o solicite tais dados atrav\u00e9s do site Fala.BR, que requer unicamente um login gov.br v\u00e1lido para acesso e uso. Superada essa introdu\u00e7\u00e3o, o presente guia curto tem por objetivo indicar o que fazer e n\u00e3o fazer ao se entrar com um pedido de acesso a dados e\/ou informa\u00e7\u00e3o via LAI.&nbsp;<\/p>\n\n\n\n<p><strong>O que fazer?<\/strong><\/p>\n\n\n\n<p>1. Seja claro, preciso e sucinto<\/p>\n\n\n\n<p>\u00c9 muito importante que o pedido n\u00e3o se estenda por v\u00e1rias p\u00e1ginas, nem liste temas para serem respondidos. Portanto, n\u00e3o solicite dados do Itamaraty em comitivas, solicite gastos com a comitiva do Itamaraty em Paris, Nova Iorque, e assim por diante. Se o pedido for muito extenso e ambicioso, em termos de demandar muita informa\u00e7\u00e3o, inevitavelmente ele ser\u00e1 n\u00e3o concedido com a justificativa razo\u00e1vel de que levantar essa informa\u00e7\u00e3o era impratic\u00e1vel.&nbsp;<\/p>\n\n\n\n<p>2. Conhe\u00e7a o que voc\u00ea est\u00e1 solicitando<\/p>\n\n\n\n<p>\u00c9 muito importante que voc\u00ea conhe\u00e7a minimamente o que voc\u00ea est\u00e1 solicitando, ou seja, esse dado de fato \u00e9 mensurado e existe. Se voc\u00ea nomear uma coluna de um\u00a0<em>data set<\/em>\u00a0de posse do governo, suas chances de obt\u00ea-la s\u00e3o maiores do que no caso de voc\u00ea mencionar apenas o tema. Naturalmente, se a base nunca foi disponibilizada previamente ao p\u00fablico, \u00e9 imposs\u00edvel conhecer seu formato. De toda forma, leia artigos e\u00a0<em>papers\u00a0<\/em>que j\u00e1 trabalharam na tem\u00e1tica para voc\u00ea se informar de que esses dados de fato existem. O site de <a href=\"https:\/\/buscalai.cgu.gov.br\" target=\"_blank\" rel=\"noreferrer noopener\">Busca de Pedidos e Respostas<\/a> da LAI, que documenta tudo o que j\u00e1 foi respondido pela LAI, pode ser seu aliado nesse momento.\u00a0<\/p>\n\n\n\n<p>3.&nbsp;<em>Disclaimer<\/em>&nbsp;que o pedido pode ser respondido parcialmente<\/p>\n\n\n\n<p>Uma simples frase pode tornar seu pedido parcialmente bem-sucedido. Essa frase seria: &#8220;solicito encarecidamente que o pedido seja ainda cumprido parcialmente, na eventualidade de que algum(ns) item(ns) solicitado(s) n\u00e3o estejam dispon\u00edveis ou n\u00e3o existam&#8221;. Dessa forma, se voc\u00ea solicitou 4 pontos e apenas 3 podem ser satisfatoriamente respondidos, o item n\u00e3o respond\u00edvel n\u00e3o far\u00e1 com que o pedido volte como acesso n\u00e3o-concedido inteiramente.&nbsp;<\/p>\n\n\n\n<p><strong>O que n\u00e3o fazer?<\/strong><\/p>\n\n\n\n<p>1. Pedidos longos e\/ou confusos<\/p>\n\n\n\n<p>Evite fortemente pedidos muito longos e complexos. Quanto menos direto for seu pedido, maiores as chances de que ele n\u00e3o seja apropriadamente respondido. Se voc\u00ea deseja informa\u00e7\u00e3o sobre 7 itens, talvez seja interessante picotar seu pedido em tr\u00eas solicita\u00e7\u00f5es, supondo que n\u00e3o haja redund\u00e2ncia entre esses pedidos.&nbsp;<\/p>\n\n\n\n<p>2. Pedidos duplos ou triplos (solicitar a mesma informa\u00e7\u00e3o a \u00f3rg\u00e3o diferentes)&nbsp;<\/p>\n\n\n\n<p>Evite solicitar pedidos duplos para \u00f3rg\u00e3os diferentes, isto \u00e9, solicitar o mesmo pedido de acesso \u00e0 informa\u00e7\u00e3o ao Itamaraty e ao Minist\u00e9rio da Economia, e.g. \u00c9 interessante esperar que um \u00f3rg\u00e3o te responda inicialmente. Qualquer que seja a resposta, ela pode ser bastante informativa. Caso o pedido seja n\u00e3o-concedido e o \u00f3rg\u00e3o provenha raz\u00f5es para o n\u00e3o acesso \u00e0 informa\u00e7\u00e3o ou aos dados, a sua solicita\u00e7\u00e3o de fato indica que o \u00f3rg\u00e3o possui os dados e voc\u00ea pode reformular sua solicita\u00e7\u00e3o para se adequar \u00e0s exig\u00eancias do \u00f3rg\u00e3o para liberar esses dados. Se o \u00f3rg\u00e3o, por outro lado, n\u00e3o concede acesso e lhe informa que esses dados n\u00e3o existem, ent\u00e3o voc\u00ea pode requerer acesso \u00e0 informa\u00e7\u00e3o em outro \u00f3rg\u00e3o. \u00c9 comum tamb\u00e9m os \u00f3rg\u00e3os encaminharem seu pedido para outro \u00f3rg\u00e3o, caso percebam que aquele pedido n\u00e3o deve ser respondido por eles. Logo, errar o \u00f3rg\u00e3o n\u00e3o \u00e9 um problema grave; erra o assunto, ainda menos.\u00a0<\/p>\n\n\n\n<p><strong>Algumas dicas<\/strong><\/p>\n\n\n\n<p>Tudo que envolve execu\u00e7\u00e3o or\u00e7ament\u00e1ria geralmente fica por conta do Minist\u00e9rio da Fazenda.&nbsp;<\/p>\n\n\n\n<p>Analogamente, quest\u00f5es internacionais ficam por conta do Itamaraty, assim como quest\u00f5es ambientais ficam por conta do MMA.&nbsp;<\/p>\n\n\n\n<p><strong>Conclus\u00e3o<\/strong><\/p>\n\n\n\n<p>Espero que este guia curto possa lhe ser \u00fatil. Escrevi aqui algumas informa\u00e7\u00f5es que gostaria de possuir nos meus primeiros pedidos de acesso \u00e0 informa\u00e7\u00e3o. Adicionalmente, este guia diz respeito \u00e0s intera\u00e7\u00f5es da LAI com o governo federal apenas e n\u00e3o com os governos estaduais e municipais.\u00a0<\/p>\n","protected":false},"excerpt":{"rendered":"<p>A Lei de Acesso \u00e0 Informa\u00e7\u00e3o (Lei 12.527\/2011) \u00e9 instrumento legal pelo qual dados e informa\u00e7\u00f5es n\u00e3o secretas devem ser publicizadas quando solicitadas pelo cidad\u00e3o brasileiro. Dessa forma, ela viabiliza o acesso por parte de pesquisadores, empresas e cidad\u00e3os a diversos tipos de dados relevantes para diferentes fins. O governo permite que o cidad\u00e3o solicite[&hellip;]<\/p>\n","protected":false},"author":1,"featured_media":0,"parent":0,"menu_order":0,"comment_status":"closed","ping_status":"closed","template":"","meta":{"zakra_general_container_width":0,"zakra_general_content_width":0,"zakra_general_sidebar_width":0,"zakra_sticky_header":"customizer","zakra_header_main_area":true,"zakra_site_logo_width":0,"zakra_header_top_enabled":"customizer","zakra_header_top_style":"customizer","zakra_primary_menu_item_style":"customizer","zakra_page_header_text_color":"","zakra_page_header_layout":"customizer","zakra_page_title_bg":"","zakra_footer_widgets_bg_image":0,"zakra_page_title_bg_repeat":"customizer","zakra_page_title_bg_position":"customizer","zakra_page_title_bg_size":"customizer","zakra_page_title_bg_attachment":"customizer","zakra_breadcrumbs_enabled":"customizer","zakra_breadcrumbs_text_color":"","zakra_breadcrumbs_separator_color":"","zakra_breadcrumbs_link_color":"","zakra_breadcrumbs_link_hover_color":"","zakra_page_title_bg_image":0,"zakra_footer_widgets_enabled":"customizer","zakra_footer_column_layout_1_style":"customizer","zakra_footer_widgets_bg":"","zakra_footer_widgets_bg_repeat":"customizer","zakra_footer_widgets_bg_position":"customizer","zakra_footer_widgets_bg_size":"customizer","zakra_footer_widgets_bg_attachment":"customizer","zakra_footer_bar_enabled":"customizer","zakra_footer_bar_style":"customizer","zakra_page_container_layout":"customizer","zakra_page_sidebar_layout":"customizer","zakra_remove_content_margin":false,"zakra_sidebar":"customizer","zakra_transparent_header":"customizer","zakra_logo":0,"zakra_main_header_style":"default","zakra_menu_item_color":"","zakra_menu_item_hover_color":"","zakra_menu_item_active_color":"","zakra_menu_active_style":"","zakra_page_header":true,"_coblocks_attr":"","_coblocks_dimensions":"","_coblocks_responsive_height":"","_coblocks_accordion_ie_support":"","_uag_custom_page_level_css":"","jetpack_post_was_ever_published":false,"footnotes":""},"class_list":["post-1069","page","type-page","status-publish","hentry"],"uagb_featured_image_src":{"full":false,"thumbnail":false,"medium":false,"medium_large":false,"large":false,"1536x1536":false,"2048x2048":false,"zakra-thumb-size-one":false,"zakra-thumb-size-two":false},"uagb_author_info":{"display_name":"Alan Leal","author_link":"https:\/\/alanleal-econ.com\/index.php\/author\/alanmarqueslealhotmail-com\/"},"uagb_comment_info":0,"uagb_excerpt":"A Lei de Acesso \u00e0 Informa\u00e7\u00e3o (Lei 12.527\/2011) \u00e9 instrumento legal pelo qual dados e informa\u00e7\u00f5es n\u00e3o secretas devem ser publicizadas quando solicitadas pelo cidad\u00e3o brasileiro. Dessa forma, ela viabiliza o acesso por parte de pesquisadores, empresas e cidad\u00e3os a diversos tipos de dados relevantes para diferentes fins. O governo permite que o cidad\u00e3o solicite[&hellip;]","jetpack_sharing_enabled":true,"_links":{"self":[{"href":"https:\/\/alanleal-econ.com\/index.php\/wp-json\/wp\/v2\/pages\/1069","targetHints":{"allow":["GET"]}}],"collection":[{"href":"https:\/\/alanleal-econ.com\/index.php\/wp-json\/wp\/v2\/pages"}],"about":[{"href":"https:\/\/alanleal-econ.com\/index.php\/wp-json\/wp\/v2\/types\/page"}],"author":[{"embeddable":true,"href":"https:\/\/alanleal-econ.com\/index.php\/wp-json\/wp\/v2\/users\/1"}],"replies":[{"embeddable":true,"href":"https:\/\/alanleal-econ.com\/index.php\/wp-json\/wp\/v2\/comments?post=1069"}],"version-history":[{"count":2,"href":"https:\/\/alanleal-econ.com\/index.php\/wp-json\/wp\/v2\/pages\/1069\/revisions"}],"predecessor-version":[{"id":1072,"href":"https:\/\/alanleal-econ.com\/index.php\/wp-json\/wp\/v2\/pages\/1069\/revisions\/1072"}],"wp:attachment":[{"href":"https:\/\/alanleal-econ.com\/index.php\/wp-json\/wp\/v2\/media?parent=1069"}],"curies":[{"name":"wp","href":"https:\/\/api.w.org\/{rel}","templated":true}]}}