{"id":964,"date":"2023-11-03T12:03:57","date_gmt":"2023-11-03T12:03:57","guid":{"rendered":"https:\/\/alanleal-econ.com\/?page_id=964"},"modified":"2025-09-10T21:09:55","modified_gmt":"2025-09-11T00:09:55","slug":"teaching","status":"publish","type":"page","link":"https:\/\/alanleal-econ.com\/index.php\/teaching\/","title":{"rendered":"Teaching"},"content":{"rendered":"\n<h2 class=\"wp-block-heading\">Universidade of S\u00e3o Paulo<\/h2>\n\n\n\n<p><a href=\"https:\/\/alanleal-econ.com\/index.php\/econometria-ii-2022-i\/\" target=\"_blank\" rel=\"noreferrer noopener\">Econometria II (2022\/I)<\/a><\/p>\n\n\n\n<h2 class=\"wp-block-heading\">Miscellanea<\/h2>\n\n\n\n<p>9. <a href=\"https:\/\/alanleal-econ.com\/index.php\/dados-de-comex-no-brasil\/\" target=\"_blank\" rel=\"noreferrer noopener\">Dados de Comex no Brasil<\/a><\/p>\n\n\n\n<p>8. <a href=\"https:\/\/alanleal-econ.com\/wp-content\/uploads\/2025\/08\/Julia_para_Economistas_Regionais_2_ed.pdf\" target=\"_blank\" rel=\"noreferrer noopener\">Julia para Economistas Regionais, 2\u00aa edi\u00e7\u00e3o<\/a><\/p>\n\n\n\n<p>7. <a href=\"https:\/\/alanleal-econ.com\/index.php\/tutorial-do-algoritmo-de-imputacao-das-exportacoes-proposto-por-leal-e-martins-2025\/\" target=\"_blank\" rel=\"noreferrer noopener\">Tutorial do algoritmo de imputa\u00e7\u00e3o das exporta\u00e7\u00f5es proposto por Leal e Martins (2025)<\/a><\/p>\n\n\n\n<p>6. <a href=\"https:\/\/alanleal-econ.com\/index.php\/glossario\/\">Gloss\u00e1rio (Com\u00e9rcio Internacional)<\/a><\/p>\n\n\n\n<p>5. <a href=\"https:\/\/alanleal-econ.com\/index.php\/llama-para-economistas\/\" data-type=\"link\" data-id=\"https:\/\/alanleal-econ.com\/index.php\/llama-para-economistas\/\" target=\"_blank\" rel=\"noreferrer noopener\">Llama para Economistas<\/a><\/p>\n\n\n\n<p>4. <a href=\"http:\/\/alanleal-econ.com\/wp-content\/uploads\/2025\/01\/Julia_para_Economistas_Regionais.pdf\" data-type=\"link\" data-id=\"http:\/\/alanleal-econ.com\/wp-content\/uploads\/2025\/01\/Julia_para_Economistas_Regionais.pdf\" target=\"_blank\" rel=\"noreferrer noopener\">Julia para Economistas Regionais<\/a><\/p>\n\n\n\n<p>3. <a href=\"https:\/\/alanleal-econ.com\/index.php\/julia-101-uma-abordagem-regional\/\" target=\"_blank\" rel=\"noreferrer noopener\">Julia 101: uma Abordagem Regional<\/a><\/p>\n\n\n\n<p>2. <a href=\"https:\/\/alanleal-econ.com\/index.php\/guia-curto-da-lai\/\" data-type=\"link\" data-id=\"https:\/\/alanleal-econ.com\/index.php\/guia-curto-da-lai\/\" target=\"_blank\" rel=\"noreferrer noopener\">Guia Curto da LAI<\/a><\/p>\n\n\n\n<p>1. <a href=\"https:\/\/alanleal-econ.com\/index.php\/guia-curto-de-mapas-no-r\/\" target=\"_blank\" rel=\"noreferrer noopener\">Guia Curto de Mapas no R<\/a><\/p>\n","protected":false},"excerpt":{"rendered":"<p>Universidade of S\u00e3o Paulo Econometria II (2022\/I) Miscellanea 9. Dados de Comex no Brasil 8. Julia para Economistas Regionais, 2\u00aa edi\u00e7\u00e3o 7. Tutorial do algoritmo de imputa\u00e7\u00e3o das exporta\u00e7\u00f5es proposto por Leal e Martins (2025) 6. Gloss\u00e1rio (Com\u00e9rcio Internacional) 5. Llama para Economistas 4. Julia para Economistas Regionais 3. Julia 101: uma Abordagem Regional 2.[&hellip;]<\/p>\n","protected":false},"author":1,"featured_media":0,"parent":0,"menu_order":0,"comment_status":"closed","ping_status":"closed","template":"","meta":{"zakra_general_container_width":0,"zakra_general_content_width":0,"zakra_general_sidebar_width":0,"zakra_sticky_header":"customizer","zakra_header_main_area":true,"zakra_site_logo_width":0,"zakra_header_top_enabled":"customizer","zakra_header_top_style":"customizer","zakra_primary_menu_item_style":"customizer","zakra_page_header_text_color":"","zakra_page_header_layout":"customizer","zakra_page_title_bg":"","zakra_footer_widgets_bg_image":0,"zakra_page_title_bg_repeat":"customizer","zakra_page_title_bg_position":"customizer","zakra_page_title_bg_size":"customizer","zakra_page_title_bg_attachment":"customizer","zakra_breadcrumbs_enabled":"customizer","zakra_breadcrumbs_text_color":"","zakra_breadcrumbs_separator_color":"","zakra_breadcrumbs_link_color":"","zakra_breadcrumbs_link_hover_color":"","zakra_page_title_bg_image":0,"zakra_footer_widgets_enabled":"customizer","zakra_footer_column_layout_1_style":"customizer","zakra_footer_widgets_bg":"","zakra_footer_widgets_bg_repeat":"customizer","zakra_footer_widgets_bg_position":"customizer","zakra_footer_widgets_bg_size":"customizer","zakra_footer_widgets_bg_attachment":"customizer","zakra_footer_bar_enabled":"customizer","zakra_footer_bar_style":"customizer","zakra_page_container_layout":"customizer","zakra_page_sidebar_layout":"customizer","zakra_remove_content_margin":false,"zakra_sidebar":"customizer","zakra_transparent_header":"customizer","zakra_logo":0,"zakra_main_header_style":"default","zakra_menu_item_color":"","zakra_menu_item_hover_color":"","zakra_menu_item_active_color":"","zakra_menu_active_style":"","zakra_page_header":true,"_coblocks_attr":"","_coblocks_dimensions":"","_coblocks_responsive_height":"","_coblocks_accordion_ie_support":"","_uag_custom_page_level_css":"","jetpack_post_was_ever_published":false,"footnotes":""},"class_list":["post-964","page","type-page","status-publish","hentry"],"uagb_featured_image_src":{"full":false,"thumbnail":false,"medium":false,"medium_large":false,"large":false,"1536x1536":false,"2048x2048":false,"zakra-thumb-size-one":false,"zakra-thumb-size-two":false},"uagb_author_info":{"display_name":"Alan Leal","author_link":"https:\/\/alanleal-econ.com\/index.php\/author\/alanmarqueslealhotmail-com\/"},"uagb_comment_info":0,"uagb_excerpt":"Universidade of S\u00e3o Paulo Econometria II (2022\/I) Miscellanea 9. Dados de Comex no Brasil 8. Julia para Economistas Regionais, 2\u00aa edi\u00e7\u00e3o 7. Tutorial do algoritmo de imputa\u00e7\u00e3o das exporta\u00e7\u00f5es proposto por Leal e Martins (2025) 6. Gloss\u00e1rio (Com\u00e9rcio Internacional) 5. Llama para Economistas 4. Julia para Economistas Regionais 3. Julia 101: uma Abordagem Regional 2.[&hellip;]","jetpack_sharing_enabled":true,"_links":{"self":[{"href":"https:\/\/alanleal-econ.com\/index.php\/wp-json\/wp\/v2\/pages\/964","targetHints":{"allow":["GET"]}}],"collection":[{"href":"https:\/\/alanleal-econ.com\/index.php\/wp-json\/wp\/v2\/pages"}],"about":[{"href":"https:\/\/alanleal-econ.com\/index.php\/wp-json\/wp\/v2\/types\/page"}],"author":[{"embeddable":true,"href":"https:\/\/alanleal-econ.com\/index.php\/wp-json\/wp\/v2\/users\/1"}],"replies":[{"embeddable":true,"href":"https:\/\/alanleal-econ.com\/index.php\/wp-json\/wp\/v2\/comments?post=964"}],"version-history":[{"count":15,"href":"https:\/\/alanleal-econ.com\/index.php\/wp-json\/wp\/v2\/pages\/964\/revisions"}],"predecessor-version":[{"id":1549,"href":"https:\/\/alanleal-econ.com\/index.php\/wp-json\/wp\/v2\/pages\/964\/revisions\/1549"}],"wp:attachment":[{"href":"https:\/\/alanleal-econ.com\/index.php\/wp-json\/wp\/v2\/media?parent=964"}],"curies":[{"name":"wp","href":"https:\/\/api.w.org\/{rel}","templated":true}]}}